t b be r(-9). Let o be 1/2 - (-110)/4. Let l = b - o. List the prime factors of l.
3
Let d = 11810 - -947. What are the prime factors of d?
12757
Suppose 2*p = -2*z + 98634, -p - 117*z + 113*z + 49332 = 0. What are the prime factors of p?
2, 23, 67
Suppose 23*o - 25871 - 104355 = 0. What are the prime factors of o?
2, 19, 149
Suppose -2*k - 3*x - 28 = -6*k, 0 = 2*k - 4*x - 24. Let s be (6/9)/(k/(-480)). Let d = s + 311. List the prime factors of d.
3, 7, 11
Let n(c) = -5*c**3 - 9*c - 3. Suppose 0 = -4*r - 31 + 11. What are the prime factors of n(r)?
23, 29
Suppose 0 = 3*d - 2*d - 22. Suppose -3048 = -34*t + d*t. What are the prime factors of t?
2, 127
What are the prime factors of 2/22 - ((-41)/(-44) - 1)*441744?
30119
Let p(b) = b**3 + 35*b**2 - 5*b - 14. Let l be p(-35). Let g = 304 - l. List the prime factors of g.
11, 13
List the prime factors of ((-13)/65 - 17/15) + (-312440)/(-15).
2, 41, 127
Let k = -267 + 7455. List the prime factors of k.
2, 3, 599
Let v(i) = -4*i + 19. Let u be v(4). Suppose 490 = 5*h + 5*p, -p = -4*h + u*p + 432. Let z = h + -33. List the prime factors of z.
2, 5, 7
What are the prime factors of 12/38 + (-63616743)/(-6099)?
3, 19, 61
Suppose 5*c - 633 = 2*f, 3*f - 2*c = -f - 1306. Let d = f - -187. Let o = 204 + d. What are the prime factors of o?
2, 31
Let n = 75640 - 46828. What are the prime factors of n?
2, 3, 7
Let k(y) = -y**3 + 35*y**2 + 31*y - 172. What are the prime factors of k(20)?
2, 13, 31
Let y = 4987 - 153. What are the prime factors of y?
2, 2417
Let q be 174/(-24)*(-1 - 3). Let d be (-5)/(-5) + -4 + q. Let j = 36 - d. List the prime factors of j.
2, 5
Suppose -6712 = -4*p + 55*r - 57*r, -3*p + 5016 = -3*r. List the prime factors of p.
2, 419
Let s(c) = 194*c**2 - 5*c - 7. Suppose 0 = -4*i - 2*u, 8*i + 12 = 4*i + 4*u. What are the prime factors of s(i)?
2, 3
Suppose -2*j - 5*d = -10*d - 10139, -3*d + 20343 = 4*j. Suppose -13*g = -j + 103. List the prime factors of g.
383
Suppose 43*d = -64*d - 17*d + 572756. List the prime factors of d.
31, 149
Suppose 4410*q = 4354*q + 3053344. List the prime factors of q.
2, 43, 317
What are the prime factors of (-2)/((-824880)/(-103112) - 8)?
12889
Let r be 5*((-12)/(-10) + 0). Let p be (-450)/90 - (1 - 110). Suppose -r*l + p = 14. List the prime factors of l.
3, 5
Suppose 2*i = -25 + 27. Suppose 4*l = -h + 20, -2*l - 3*h + 9 = -i. Suppose -11*j = -l*j - 978. What are the prime factors of j?
163
Suppose -5*j + 43 = 133. Let k = -21 - j. What are the prime factors of -3*(-188)/(-36)*k?
47
Let d(s) = 8*s**2 + 20*s - 56. Let w be d(3). Let o = w - -574. List the prime factors of o.
2, 5, 13
Let u(b) = 960*b**2 - 10*b - 3. What are the prime factors of u(3)?
3, 19, 151
What are the prime factors of ((-103)/(-309))/((-4)/(-418032))?
2, 3, 2903
Let u = 9673 - 9724. Let t(z) = -z**2 - 2. Let l be t(4). Let d = l - u. What are the prime factors of d?
3, 11
Let k(m) = -53*m**2 - 4*m + 15344. List the prime factors of k(0).
2, 7, 137
Let x(d) = -119*d - 122. Let q be x(-8). Let k = q - 212. List the prime factors of k.
2, 3, 103
Let c be (1 + -2)/6 + 68/(-24). Let h be 1 + (-8)/10 + c/15. Let p(u) = u**2 + 160. List the prime factors of p(h).
2, 5
Let a(x) = 2*x**2 + 21*x + 58. Let z(n) = -n**2 - 7*n + 20. Let c be z(-9). Let b be ((-182)/(-42))/(c/(-6)). What are the prime factors of a(b)?
3, 41
Suppose 0 = 2*i + 4*d - 44, 5*i - 5*d + 79 = 249. Suppose n + u - 3 = 0, -5*u - 14 = -n - 29. Suppose 0*a - a + i = n. List the prime factors of a.
2, 3, 5
Let q(m) = -7*m**2 - m. Let a(g) be the first derivative of 13*g**3/3 + g**2 - 27. Let h(z) = 6*a(z) + 11*q(z). List the prime factors of h(2).
2, 3
What are the prime factors of (4/5)/(3/(-2661)*(-46)/230)?
2, 887
Let i = 6050 - 3339. What are the prime factors of i?
2711
Let q(n) = 303*n - 9. Let w be q(5). Let k = w + -681. List the prime factors of k.
3, 5, 11
Let h = 1667 + -752. Suppose -5*z - h = -5*i, 183 + 366 = 3*i - z. What are the prime factors of i?
3, 61
Suppose -o = -4*v + 2360, 7*v + 11892 = -5*o + 4*v. Let u = -1374 - o. What are the prime factors of u?
2, 3, 167
Suppose 0 = 22*k - 28120 - 397646. List the prime factors of k.
3, 6451
Let r = 34 + -28. Suppose -d = d - r. Suppose -d = 3*j, 5*j - 691 = 5*a - 9*a. List the prime factors of a.
2, 3, 29
Suppose -4*d + 1418 = -1050. Suppose -6*s + d = -3751. What are the prime factors of s?
2, 7, 13
Let n = 74 - -190. Suppose 34*k + 57 = v + 33*k, -5*v + n = 2*k. What are the prime factors of v?
2, 3
Suppose -w + 4*j = 0, w = -5*j + 4*j + 5. Suppose -4*u + 4*q = -5*u + 94, 0 = 5*u - w*q - 494. List the prime factors of u.
2, 7
Suppose -4*m + 0*m = -12. Let x(l) = m - 9*l - 1 + 6*l + 47*l. List the prime factors of x(1).
2, 23
Suppose 21*o = -31 - 11. List the prime factors of (o + -890)/(3/(-6)).
2, 223
Let i(x) = x**3 - x**2 - x + 1. Suppose -6*g + 20 = -g. Let q be i(g). Let d = q - -13. List the prime factors of d.
2, 29
Suppose 0 = b - 3*u - 17, 5*b + 3*u - 28 - 3 = 0. List the prime factors of b + -3 - (-6 + 2 + -373).
2, 191
Let c = -50 + 117. Let g = 53 + -97. Let a = g + c. List the prime factors of a.
23
Let i = -146 + 93. Let j = 51 + i. What are the prime factors of ((-9)/6 + 0)/(j/36)?
3
Let w(j) = 42*j - 22. Let o(g) = g + 5. Let s(q) = 7*q + 30. Let c(a) = 34*o(a) - 6*s(a). Let k be c(-2). What are the prime factors of w(k)?
2, 5, 23
Let j(z) = 40*z - 1511. What are the prime factors of j(64)?
1049
Let f = -145 + 145. Let u(w) = 94*w + 4. Let z be u(2). Suppose 2 = 4*m - 2, f = d - 4*m - z. What are the prime factors of d?
2, 7
Let y = 5366 + 9262. List the prime factors of y.
2, 3, 23, 53
Let c(a) = -4*a**2 + 55*a - 161. Let m be c(9). Let r be (-5)/2*(-12)/10. Suppose r*b = w - b - 288, 0 = -5*b + m. List the prime factors of w.
2, 37
Let h(t) = 5*t - 12. Let l be h(11). Let b = 55 - l. Let j(g) = g**2 - 10*g - 21. What are the prime factors of j(b)?
3
Suppose 20*j = 22*j + s - 56794, -2*j + s = -56778. What are the prime factors of j?
28393
Let v be -1 + 3 - (15/3 + -8). Suppose v*u - 6*a + 2*a - 3874 = 0, 3*a - 2346 = -3*u. List the prime factors of u.
2, 389
Let y be ((-36)/(-5))/(18/60). Let c(h) = h**3 - 24*h**2 + 3. Let g be c(y). Suppose g*x = -4*r + 259, -8*r + 7*r - 5*x = -86. What are the prime factors of r?
61
Let d(b) = -4 + 13*b + 4 - 2 - 102*b. What are the prime factors of d(-3)?
5, 53
Suppose q + 3*b = 23, -4*q - b - 4 = -52. Suppose 37 - 125 = -q*t. Suppose 8 = -4*w, w - 24 = -t*l + 6*l. What are the prime factors of l?
13
Let b(y) = y**3 + 9*y**2 - 24*y - 12. Let x be b(-11). Suppose 0 = -x*g + 2144 + 2496. List the prime factors of g.
2, 29
Let m be (621/(-46))/(9/1212). Let b = m - -3147. What are the prime factors of b?
3, 443
Let a = 18940 + -12890. List the prime factors of a.
2, 5, 11
Suppose 5*b - 2012 = -97. Suppose -5*g = 87 + b. Let r = g - -97. List the prime factors of r.
3
Let w(v) = -v**3 + 59*v**2 + 98*v - 35. What are the prime factors of w(45)?
5, 7, 11, 17
Let a(u) = -1689*u + 91. What are the prime factors of a(-8)?
61, 223
Let s = 21662 - 14636. What are the prime factors of s?
2, 3, 1171
Suppose -3*s + 9*s - 30 = 0. Suppose 0 = s*j + 5*i - 255, 5*j + 2*i - 229 = 35. Suppose -202 = -56*x + j*x. List the prime factors of x.
101
Let d be (-1)/4 + 3682/(-56). Let w be (2 + d/15)*120/(-16). List the prime factors of 1238*(-2)/(-36) - (-4)/w.
3, 23
Let h(i) = 16*i**3 - 55*i**2 + 105*i - 134. Let q(w) = -3*w**3 + 11*w**2 - 21*w + 27. Let a(d) = 2*h(d) + 11*q(d). What are the prime factors of a(6)?
83
Suppose j + 22 = -2*j + 4*q, 5*q - 5 = 0. Let y = 266 - 152. What are the prime factors of y*1 + (j + 1)/5?
113
Suppose -k + 192 = -o - 1362, 4*k - o - 6201 = 0. List the prime factors of k.
1549
What are the prime factors of (1339/(-39))/(-5 + (-3414)/(-684))?
2, 19, 103
Suppose -3950 = -z - 2382. What are the prime factors of z?
2, 7
Let r(m) = m**3 + 3*m**2 - 5*m - 4. Let u be r(-4). Suppose 6 = -u*f + 2*f. Suppose s + 160 + 50 = f*l, s - 70 = -l. List the prime factors of l.
2, 5, 7
Suppose -43*x = -34*x - 108. List the prime factors of (781/(-2))/((-6)/x).
11, 71
Suppose -l - 3*m = 9, 3*m = -0*l + 2*l - 27. Let p be l/(15/(-20)*-2). What are the prime factors of 85 - (48/4)/p?
2, 41
Let n(i) = -112*i + 23. Let o(q)